{"id":11,"date":"2014-01-12T09:35:27","date_gmt":"2014-01-12T07:35:27","guid":{"rendered":"http:\/\/www.ferienhaus-westlicher-bodensee.de\/?page_id=11"},"modified":"2026-02-28T21:03:28","modified_gmt":"2026-02-28T19:03:28","slug":"kontakt","status":"publish","type":"page","link":"http:\/\/www.ferienhaus-westlicher-bodensee.de\/?page_id=11","title":{"rendered":"KONTAKT | IMPRESSUM |\u00a0DATENSCHUTZ"},"content":{"rendered":"<h1>KONTAKT<\/h1>\n<p>Mail: <a href=\"mailto:dr.ulrich.miller@googlemail.com\">dr.ulrich.miller@googlemail.com<\/a><\/p>\n<h1><\/h1>\n<h1>IMPRESSUM<\/h1>\n<p>Dr. Ulrich Miller | Vimystra\u00dfe 6, 85354 Freising | \u00a0Mail: <a href=\"dr.ulrich.miller@googlemail.com\">dr.ulrich.miller@googlemail.com<\/a>\u00a0| Fon: +49 170 77 49498<\/p>\n<p>Verantwortlich f\u00fcr den Inhalt nach \u00a7 5 TMG und \u00a7 55, 2 RstV: Dr. Ulrich Miller Vertretungsberechtigt: Dr. Ulrich Miller<\/p>\n<p>Haftungshinweis: Trotz sorgf\u00e4ltiger inhaltlicher Kontrolle \u00fcbernehme ich keine Haftung f\u00fcr die Inhalte, insbesondere f\u00fcr den Inhalt externer Links.<\/p>\n<p>&nbsp;<\/p>\n<h1><strong>DATENSCHUTZ<\/strong><\/h1>\n<p><strong>Verantwortlicher<\/strong><\/p>\n<p>Die Datenverarbeitung auf dieser Website erfolgt durch den WebSite-Betreiber, im folgenden Text mit \u201cwir\u201d benannt. Dessen Kontaktdaten k\u00f6nnen Sie dem Impressum dieser Website entnehmen.<\/p>\n<p><strong>Datenerfassung<\/strong><\/p>\n<p>Daten werden automatisch beim Besuch der Website erfasst. Das sind vor allem technische Daten. Der Provider der Seiten erhebt und speichert automatisch Informationen in so genannten Server-Log-Dateien, \u00a0die Ihr Browser automatisch \u00fcbermittelt.<br \/>\nDies sind: Browsertyp und Browserversion, verwendetes Betriebssystem, Referrer URL, Hostname des zugreifenden Rechners, Uhrzeit der Serveranfrage,\u00a0IP-Adresse.\u00a0Wir behalten uns vor, diese Daten nachtr\u00e4glich zu pr\u00fcfen, wenn uns konkrete Anhaltspunkte f\u00fcr eine rechtswidrige Nutzung bekannt werden.<br \/>\nEine Zusammenf\u00fchrung dieser Daten mit anderen Datenquellen wird nicht vorgenommen.<br \/>\nCookies, Tracking-Cookies, Werbe-Cookies, Analyse-Tools und Tools von Drittanbietern sowie Links zu und von Social Media werden nicht eingesetzt.<\/p>\n<p>Erst nach Ihrer Kontaktaufnahme (E-Mail, Telefon) werden Ihre personen- oder firmenbezogenen Daten inklusive der von Ihnen dort angegebenen Kontaktdaten zwecks Bearbeitung der Anfrage und f\u00fcr den Fall von Anschlussfragen bei uns gespeichert.<br \/>\nPersonen- oder firmenbezogene Daten sind alle Daten, mit denen Sie identifiziert werden k\u00f6nnen.\u00a0Diese Daten geben wir nicht ohne Ihre Einwilligung weiter.<\/p>\n<p><strong>Datenspeicherung<\/strong><\/p>\n<p>Wir halten uns an die Grunds\u00e4tze von Datensparsamkeit und Datenvermeidung.\u00a0Das bedeutet, Ihre zur Verf\u00fcgung gestellten Daten werden nur so lange unter Einhaltung der einschl\u00e4gigen Datenschutzbestimmungen und technischer Standards gespeichert, \u00a0wie der Gesetzgeber die vorgesehenen vielf\u00e4ltigen Speicherfristen festlegt.\u00a0Entf\u00e4llt der jeweilige Zweck bzw. nach Ablauf der entsprechenden Fristen werden Ihre Daten routinem\u00e4\u00dfig und entsprechend den gesetzlichen Vorschriften gesperrt bzw. gel\u00f6scht.<\/p>\n<p><strong>Ihre Rechte<\/strong><\/p>\n<p>Sie haben das Recht, sich eine unentgeltliche Auskunft \u00fcber Ihre gespeicherten Daten einzuholen.<\/p>\n<p>Sie haben das Recht, Ihre gespeicherten Daten bei Unrichtigkeit berichtigen zu lassen.<\/p>\n<p>Sie haben das Recht, Ihre bei uns gespeicherten Daten bei Unrichtigkeit berichtigen zu lassen. Hierbei k\u00f6nnen Sie eine Einschr\u00e4nkung der Verarbeitung, z. B. bei Bestreiten der Richtigkeit Ihrer personenbezogenen Daten, verlangen.<\/p>\n<p>Sie haben das Recht Ihre Daten sperren zu lassen.<\/p>\n<p>Sie haben das Recht Ihre Daten l\u00f6schen zu lassen, soweit keine gesetzlichen Aufbewahrungspflichten unserseits bestehen.<\/p>\n<p>Sie haben das Recht, von uns die Bereitstellung der uns \u00fcbermittelten personenbezogenen Daten in einem Format zu verlangen, welches die \u00dcbermittlung an eine andere Stelle erlaubt.<\/p>\n<p>Sie haben das Recht auf Beschwerde bei einer Aufsichtsbeh\u00f6rde.<br \/>\nEine Liste der Datenschutzbeauftragten sowie deren Kontaktdaten k\u00f6nnen folgendem Link entnommen werden: https:\/\/www.bfdi.bund.de\/DE\/Infothek\/Anschriften_Links\/anschriften_links-node.html.<\/p>\n","protected":false},"excerpt":{"rendered":"<p>KONTAKT Mail: dr.ulrich.miller@googlemail.com IMPRESSUM Dr. Ulrich Miller | Vimystra\u00dfe 6, 85354 Freising | \u00a0Mail: dr.ulrich.miller@googlemail.com\u00a0| Fon: +49 170 77 49498 Verantwortlich f\u00fcr den Inhalt nach \u00a7 5 TMG und \u00a7 55, 2 RstV: Dr. Ulrich Miller Vertretungsberechtigt: Dr. Ulrich Miller &hellip; <a href=\"http:\/\/www.ferienhaus-westlicher-bodensee.de\/?page_id=11\">Weiterlesen <span class=\"meta-nav\">&rarr;<\/span><\/a><\/p>\n","protected":false},"author":1,"featured_media":0,"parent":0,"menu_order":0,"comment_status":"closed","ping_status":"open","template":"","meta":{"footnotes":""},"class_list":["post-11","page","type-page","status-publish","hentry"],"_links":{"self":[{"href":"http:\/\/www.ferienhaus-westlicher-bodensee.de\/index.php?rest_route=\/wp\/v2\/pages\/11","targetHints":{"allow":["GET"]}}],"collection":[{"href":"http:\/\/www.ferienhaus-westlicher-bodensee.de\/index.php?rest_route=\/wp\/v2\/pages"}],"about":[{"href":"http:\/\/www.ferienhaus-westlicher-bodensee.de\/index.php?rest_route=\/wp\/v2\/types\/page"}],"author":[{"embeddable":true,"href":"http:\/\/www.ferienhaus-westlicher-bodensee.de\/index.php?rest_route=\/wp\/v2\/users\/1"}],"replies":[{"embeddable":true,"href":"http:\/\/www.ferienhaus-westlicher-bodensee.de\/index.php?rest_route=%2Fwp%2Fv2%2Fcomments&post=11"}],"version-history":[{"count":13,"href":"http:\/\/www.ferienhaus-westlicher-bodensee.de\/index.php?rest_route=\/wp\/v2\/pages\/11\/revisions"}],"predecessor-version":[{"id":225,"href":"http:\/\/www.ferienhaus-westlicher-bodensee.de\/index.php?rest_route=\/wp\/v2\/pages\/11\/revisions\/225"}],"wp:attachment":[{"href":"http:\/\/www.ferienhaus-westlicher-bodensee.de\/index.php?rest_route=%2Fwp%2Fv2%2Fmedia&parent=11"}],"curies":[{"name":"wp","href":"https:\/\/api.w.org\/{rel}","templated":true}]}}

<h1>KONTAKT</h1>
<p>Mail: <a href="mailto:dr.ulrich.miller@googlemail.com">dr.ulrich.miller@googlemail.com</a></p>
<h1></h1>
<h1>IMPRESSUM</h1>
<p>Dr. Ulrich Miller | Vimystraße 6, 85354 Freising |  Mail: <a href="dr.ulrich.miller@googlemail.com">dr.ulrich.miller@googlemail.com</a> | Fon: +49 170 77 49498</p>
<p>Verantwortlich für den Inhalt nach § 5 TMG und § 55, 2 RstV: Dr. Ulrich Miller Vertretungsberechtigt: Dr. Ulrich Miller</p>
<p>Haftungshinweis: Trotz sorgfältiger inhaltlicher Kontrolle übernehme ich keine Haftung für die Inhalte, insbesondere für den Inhalt externer Links.</p>
<p>&nbsp;</p>
<h1><strong>DATENSCHUTZ</strong></h1>
<p><strong>Verantwortlicher</strong></p>
<p>Die Datenverarbeitung auf dieser Website erfolgt durch den WebSite-Betreiber, im folgenden Text mit “wir” benannt. Dessen Kontaktdaten können Sie dem Impressum dieser Website entnehmen.</p>
<p><strong>Datenerfassung</strong></p>
<p>Daten werden automatisch beim Besuch der Website erfasst. Das sind vor allem technische Daten. Der Provider der Seiten erhebt und speichert automatisch Informationen in so genannten Server-Log-Dateien,  die Ihr Browser automatisch übermittelt.<br />
Dies sind: Browsertyp und Browserversion, verwendetes Betriebssystem, Referrer URL, Hostname des zugreifenden Rechners, Uhrzeit der Serveranfrage, IP-Adresse. Wir behalten uns vor, diese Daten nachträglich zu prüfen, wenn uns konkrete Anhaltspunkte für eine rechtswidrige Nutzung bekannt werden.<br />
Eine Zusammenführung dieser Daten mit anderen Datenquellen wird nicht vorgenommen.<br />
Cookies, Tracking-Cookies, Werbe-Cookies, Analyse-Tools und Tools von Drittanbietern sowie Links zu und von Social Media werden nicht eingesetzt.</p>
<p>Erst nach Ihrer Kontaktaufnahme (E-Mail, Telefon) werden Ihre personen- oder firmenbezogenen Daten inklusive der von Ihnen dort angegebenen Kontaktdaten zwecks Bearbeitung der Anfrage und für den Fall von Anschlussfragen bei uns gespeichert.<br />
Personen- oder firmenbezogene Daten sind alle Daten, mit denen Sie identifiziert werden können. Diese Daten geben wir nicht ohne Ihre Einwilligung weiter.</p>
<p><strong>Datenspeicherung</strong></p>
<p>Wir halten uns an die Grundsätze von Datensparsamkeit und Datenvermeidung. Das bedeutet, Ihre zur Verfügung gestellten Daten werden nur so lange unter Einhaltung der einschlägigen Datenschutzbestimmungen und technischer Standards gespeichert,  wie der Gesetzgeber die vorgesehenen vielfältigen Speicherfristen festlegt. Entfällt der jeweilige Zweck bzw. nach Ablauf der entsprechenden Fristen werden Ihre Daten routinemäßig und entsprechend den gesetzlichen Vorschriften gesperrt bzw. gelöscht.</p>
<p><strong>Ihre Rechte</strong></p>
<p>Sie haben das Recht, sich eine unentgeltliche Auskunft über Ihre gespeicherten Daten einzuholen.</p>
<p>Sie haben das Recht, Ihre gespeicherten Daten bei Unrichtigkeit berichtigen zu lassen.</p>
<p>Sie haben das Recht, Ihre bei uns gespeicherten Daten bei Unrichtigkeit berichtigen zu lassen. Hierbei können Sie eine Einschränkung der Verarbeitung, z. B. bei Bestreiten der Richtigkeit Ihrer personenbezogenen Daten, verlangen.</p>
<p>Sie haben das Recht Ihre Daten sperren zu lassen.</p>
<p>Sie haben das Recht Ihre Daten löschen zu lassen, soweit keine gesetzlichen Aufbewahrungspflichten unserseits bestehen.</p>
<p>Sie haben das Recht, von uns die Bereitstellung der uns übermittelten personenbezogenen Daten in einem Format zu verlangen, welches die Übermittlung an eine andere Stelle erlaubt.</p>
<p>Sie haben das Recht auf Beschwerde bei einer Aufsichtsbehörde.<br />
Eine Liste der Datenschutzbeauftragten sowie deren Kontaktdaten können folgendem Link entnommen werden: https://www.bfdi.bund.de/DE/Infothek/Anschriften_Links/anschriften_links-node.html.</p>

<p>KONTAKT Mail: dr.ulrich.miller@googlemail.com IMPRESSUM Dr. Ulrich Miller | Vimystraße 6, 85354 Freising |  Mail: dr.ulrich.miller@googlemail.com | Fon: +49 170 77 49498 Verantwortlich für den Inhalt nach § 5 TMG und § 55, 2 RstV: Dr. Ulrich Miller Vertretungsberechtigt: Dr. Ulrich Miller &hellip; <a href="http://www.ferienhaus-westlicher-bodensee.de/?page_id=11">Weiterlesen <span class="meta-nav">&rarr;</span></a></p>
